te (-4 - (4 + -7)) + -2 + 2.
-1
What is -47 - -54 - (13 - (-1 - 0))?
-7
Calculate (6 + -3 + -7 - -3) + -1.
-2
Evaluate (-7 - 3) + (6 - (6 + -4)).
-6
Evaluate (-6 - (-9 + 6)) + -2.
-5
Calculate -5 - (2 + 2 - (0 + 4)).
-5
Calculate 11 + -18 - (-7 + -2).
2
What is the value of -94 + 84 - (-1 + -7)?
-2
Evaluate 3 + 0 - (29 + -30) - -2.
6
Evaluate (-4 - (1 + -6) - 5) + 1.
-3
What is 0 + -2 + 9 + -4 + -4?
-1
What is the value of 0 + 0 - ((6 - 5) + -2)?
1
Evaluate -2 - ((-1 - 0) + (-4 - -8)).
-5
What is (3 - 0) + (-16 - (-1 + -8))?
-4
Calculate (2 - (2 - 1)) + -2 - 2.
-3
Evaluate (-3 - 0 - -5) + -4.
-2
What is 2 + -9 + 11 + -4?
0
What is -21 + 22 + 0 + 4?
5
What is the value of (11 - (3 - -9)) + 3?
2
Evaluate 8 + 0 + 0 + -4 + -2.
2
Calculate (1 - (-2 - 0)) + -5.
-2
Calculate (-2 - -8 - 1) + (-4 - -4).
5
What is the value of -1 + -8 + 7 + 1?
-1
-1 - ((-2 - 1) + 4)
-2
3 + -2 + (-2 - -1) + 2
2
What is the value of -8 - (-8 - (-8 - -8))?
0
Calculate -14 - (2 + -9 + -2).
-5
What is (-3 - 4) + -13 - -12?
-8
Evaluate 8 + 3 + -6 + 2 - 2.
5
What is 6 + (-6 - 0) + 1?
1
What is the value of (4 - 0) + (-1 - (-9 + 8))?
4
What is the value of 1 + 6 + 8 + -10?
5
What is 3 + 0 - 6 - -5?
2
Calculate 5 + (-8 - -14) + (-9 - -1).
3
Calculate 13 + (-5 + (-3 - -3) - -1).
9
What is the value of (2 - -6) + -17 + (5 - 0)?
-4
Evaluate -4 + (1 - -1) - 1.
-3
Evaluate 3 + (8 + -1 - (-2 + 6)).
6
What is 5 + 1 - (-19 + 19) - -1?
7
Evaluate (11 - (-1 - -2)) + (115 - 116).
9
Calculate -10 - (-14 - (-4 + 10)).
10
What is 7 - ((-2 - 1 - -2) + 3)?
5
What is -2 - (-6 - (-4 + 5))?
5
What is the value of 3 + -15 + 7 + (-1 - -6)?
0
Evaluate 7 + (-6 - (9 + -8)).
0
What is -7 - ((6 - -3) + -5 + -9)?
-2
What is (-65 - -57) + 1 + 6?
-1
What is -1 - 0 - 4 - (-10 + 8)?
-3
Calculate (6 - (-6 - -31)) + 2 - -8.
-9
What is -2 - 1 - 1 - (-13 + 12)?
-3
Evaluate -5 + (3 - (5 + -3)) - -4.
0
Evaluate (5 - (7 - 2)) + (0 - 0).
0
What is 1 + -3 + (-8 - -11)?
1
Evaluate 0 - (-4 + 4) - (-3 + -1).
4
Calculate 4 - (3 - (0 - 2)).
-1
Evaluate (3 - 4 - (-2 + 4)) + -1.
-4
What is 17 + -11 - -2 - 14?
-6
Evaluate (-5 - -6) + (-1 - 3).
-3
-10 + 2 + 6 + -2
-4
Evaluate -6 + (0 - (-1 + -3)).
-2
Evaluate (5 - 0) + -162 + 155.
-2
What is 4 - (-7 + (6 - -4))?
1
Evaluate -4 - -11 - (2 + 8).
-3
-11 - (2 + (-4 - 9))
0
Calculate -4 - ((-2 - -3) + -5 + 0).
0
Evaluate -14 + 21 - (-1 + 6).
2
Calculate 10 + -14 + 10 + -6.
0
What is the value of 6 + -16 - -7 - -10?
7
What is the value of 4 - (8 - 4) - -3 - 0?
3
Evaluate (-1 - 0) + -3 + (5 - 3).
-2
What is 2 + -3 + (1 - 1)?
-1
-6 - 0 - (-3 - (7 + -7))
-3
What is 2 - (4 + (4 - 2))?
-4
Calculate -5 + 12 + 3 - 7.
3
6 + (3 - 15) + 3 - 5
-8
What is (-3 - (2 - -2)) + 7 + 3?
3
What is (2 - -1 - 1) + (-63 - -66)?
5
What is the value of -10 + (-13 - -27) + -1?
3
What is the value of 1 + (0 - -1 - -3)?
5
What is the value of -4 + 2 - (4 + -6 + 5)?
-5
Evaluate (-2 - -3) + -3 + -3.
-5
-1 + 7 + 0 + -1
5
Evaluate (7 - 5 - -8) + -2.
8
Calculate 3 + 1 - (71 - 71).
4
What is the value of -1 + (-4 - -8) + -7?
-4
What is the value of 0 + 4 + (0 - 0)?
4
(-1 - -3) + 0 + (2 - 0)
4
What is the value of -14 + (23 - 10) - (-2 + -9)?
10
3 + -6 + -4 + 5 + -4
-6
-7 - (-3 + -2 + -1)
-1
What is the value of 12 - (18 + (6 - 5))?
-7
What is 5 - (-3 - (-12 + 6))?
2
Calculate (3 - 9) + 10 + -5 + -1.
-2
Evaluate -4 - (1 + -2 + 3).
-6
What is -7 + 2 + -1 + 0?
-6
Evaluate (2 - -1) + -6 + 1 + -1.
-3
Evaluate -2 - (-4 + 5) - (-6 + -1).
4
Calculate -4 - -8 - 5 - -5.
4
What is the value of (10 - 2) + (-27 - -25)?
6
What is 4 - (1 - (-9 + 10))?
4
-31 + (26 - -11) - (-1 + 0)
7
Evaluate 7 + (-7 - -5) + (-4 - -7).
8
2 + -3 + (6 - (0 - -1))
4
What is 2 + -6 - -4 - -11 - 6?
5
-7 - (13 + -9 + -8)
-3
Calculate 5 + 12 + -4 + -6.
7
What is -15 + 4 - (-8 - -1)?
-4
1 + -7 - (-1 - 3) - -6
4
Evaluate 4 + 4 + -4 + (-10 - -6).
0
(1 - 4 - (-5 + 0)) + -2
0
What is the value of (1 - -3) + -16 + 12?
0
What is 8 - 4 - -1 - 4?
1
-15 + (0 + -2 - (-38 - -31))
-10
Calculate 3 - 4 - (6 + -2) - -6.
1
What is -6 - -3 - (0 - 1) - -5?
3
5 - (6 + 6 - (-2 - -3))
-6
-11 - (72 + -74 - (0 + -2))
-11
What is the value of (2 - (3 - 0)) + (-2 - 2)?
-5
0 + -10 + 17 + -12
-5
Evaluate (-9 - -7) + 7 + 3.
8
-9 + -1 - (-7 - -5) - -3
-5
Calculate 6 - (2 + 4 + -1).
1
What is the value of 2 - (-3 + (2 - 5) + 8)?
0
What is -1 - 0 - (-11 - -9)?
1
3 - (-4 + 6 + 0 + 0)
1
Calculate -2 + 0 - ((7 - 5) + 7).
-11
What is (4 - 4 - 6) + 5?
-1
Evaluate -5 + 4 - (3 - 4 - 4).
4
What is (-20 - -26) + (-7 - 0)?
-1
Calculate -6 + -4 + (-2 - -1) + 3.
-8
Calculate 0 - 8 - (-3 - -3).
-8
Calculate (-4 + -1 - -4) + 0.
-1
What is the value of 0 + -4 + 4 + -3?
-3
3 - (-3 - -4 - -4) - -1
-1
-2 - (9 + -14 - (-1 - -1))
3
Evaluate 3 + (3 - 3) + 2 + -2.
3
Evaluate 3 - (3 - (4 - 7)).
-3
(3 - 3 - 2) + (-19 - -20)
-1
What is the value of 4 - ((-2 - -1) + 47 + -36)?
-6
-2 + (5 - (4 + -1)) + 0
0
Calculate 2 + 2 - (-1 + 3 - -4).
-2
Calculate (-13 - 7) + (9 - -3).
-8
What is 18 - (10 + -7 - -5) - 5?
5
What is 1 + 0 - -4 - 0?
5
What is the value of -5 + (-11 + 5 + 2 - -1)?
-8
(-1 - (1 + -1)) + (2 - -3)
4
Evaluate -13 + -2 - (16 - 24).
-7
-1 + -3 + 2 - (6 - 3)
-5
What is 2 + -1 + 11 + -4 + -5?
3
3 - (4 + 4 + 0)
-5
What is -4 + 6 - (-4 - -1)?
5
What is the value of 11 + (3 - 6) + -4?
4
13 - (6 + 0) - (0 + 6)
1
What is (-1 - 28) + 10 + 11?
-8
Evaluate (-2 - (-3 - -2)) + (-6 - -4).
-3
Evaluate (4 - (0 - -3)) + -3.
-2
(31 + -40 - (1 + 1)) + 3
-8
Calculate 9 + -12 + 4 + -7.
-6
Evaluate 0 + -1 + -87 + 84.
-4
What is (-26 - -19) + (4 - 0)?
-3
What is the value of -3 + 3 + -2 - -5?
3
What is 4 - (7 - 4) - 5?
-4
Calculate 0 + (2 - (-1 - -5)).
-2
Calculate 1 - ((3 - 5) + 6).
-3
(-1 - 4 - (-57 + 44)) + -7
1
What is the value of -5 - (-5 - -5 - (-4 - -7))?
-2
Calculate 7 + -4 + -4 + 5.
4
What is the value of 5 - (7 + -2 - (3 + 0))?
3
What is 1 + 5 - -3 - 4?
5
1 + (3 - (-1 + -3 - -6))
2
(-1 - (-12 - 0)) + -7
4
1 - (1 - (13 - 6))
7
What is (56 - 46) + (-5 - (-2 - -1))?
6
2 + -2 + 1 + -189 + 188
0
Evaluate 0 + 2 - (2 - (3 - 6)).
-3
What is the value of -8 + 12 + 5 - (5 - 1)?
5
Evaluate -5 - (-8 - -2 - (-2 + 7)).
6
Calculate -23 - -23 - (1 + -1) - 4.
-4
What is 9 + 3 + -10 + 1?
3
What is the value of (-9 - (-4 + -3)) + -8?
-10
What is 1 - -3 - (6 + (3 - 5))?
0
Calculate (6 - -1) + -6 + 8 + -1.
8
What is 4 + 0 + -4 + -5 - 1?
-6
11 + (-6 - -10) + -13
2
Evaluate -1 - -2 - (21 + -21).
1
What is the value of (31 - 32) + (-2 + 0 - 0)?
-3
Calculate (-4 + 13 - 6) + (0 - 6).
-3
Evaluate (-7 - -4) + (1 - (0 - -3)).
-5
What is (1 - 7) + -23 + 36 - 6?
1
4 - -2 - (27 - 16)
-5
7 + -2 + (3 - 6)
2
-2 + (-3 - -2) + 6 + 2
5
Calculate -1 + 4 + 6 + (-4 - 0).
5
What is the value of -1 + 12 - (-2 + 17)?
-4
Evaluate 1 + 0 + (4 - 4) + -6.
-5
What is -4 + 11 + (-1 - -8 - 8)?
6
-5 + (2 - 1 - (-3 - -4))
-5
(-2 + -1 - 0) + -4 + 8
1
What is the value of -3 + 4 + 4 + -6?
-1
0 + 6 + -16 + 20 + -5
5
(-6 + 4 - -2) + 5
5
(0 - -4) + -4 - 8 - -4
-4
What is (5 - 2) + (-3 - -2 - 2)?
0
Calculate 3 + (3 - 11) + (13 - 4).
4
Evaluate -14 + 6 + 9 + 2.
3
What is the value of -2 + 0 + (-2 + 4 - 0)?
0
What is (3 - 2) + -6 + (-1 - -6)?
0
Evaluate (1 - -3) + (-9 - -9).
4
Calculate 1 - (3 + -2 + 4) - 2.
-6
Evaluate -35 + 15 + 14 + 4.
-2
Evaluate (-2 - (5 - 9)) + (-2 - -2).
2
What is 113 + -118 - (1 - 3 - -3)?
-6
(-4 - (0 - 5)) + (3 - -1)
5
What is 0 - (-3 + 6 + -1)?
-2
-1 + 2 - (-1 + 5)
-3
Calculate -10 - -12 - (2 - -2).
-2
-1 - (0 + -3 + 9 + -6)
-1
Calculate (0 - 2 - (-10 + 3)) + -4.
1
What is the value of (-1 - 2 - 1) + 3 + 1?
0
What is -2 + (7 - -2) - 4?
3
What is 1 - (-3 + 6 + -7 + 0)?
5
What is (7 - 1 - (3 + 5)) + 4?
2
Evaluate (0 - -3) + (8 - (18 - 8)).
1
Calculate (1 - -5 - 1) + -8.
-3
What is the value of 11 + -4 - 5 - 5?
-3
0 + (0 - 0) + 5 + -4
1
Evaluate (5 + 0 - 4) + -6.
-5
Calculate 2 + 5 + (2 - 5) + -11.
-7
1 - 5 - (-13 - 4 - -9)
4
What is the value of (-4 - (0 + -5 - -3)) + -2?
-4
What is the value of -3 - (5 - 4) - (3 - 2)?
-5
Calculate 9 + -1 + 0 - (104 + -87).
-9
8 - (21 + -6) - (-6 - -4)
-5
Evaluate 6 + 4 + (12 - 23).
-1
What is 0 + -6 + 7 + -1 + 3?
3
What is the value of -6 - (1 - ((8 - 4) + -2))?
-5
What is the value of -2 + (2 - 3) + (5 - 0)?
2
What is (-1 - -2 - (-8 + 4)) + -1?
4
What is the value of 0 - (9 - 3) - (6 - 19)?
7
Evaluate -1 + 7 + 